6. Let h = 29 + w. Is h a composite number?
True
Let u(k) = k**2 - 38*k + 313. Let r be u(26). Suppose 0 = -s - 4*s + 4*o - 11634, 6978 = -3*s + 3*o. Is -1*r*s/10 composite?
False
Is (-12)/(-10) + 8313170/25 + 5 a prime number?
False
Let s = 30218 - 3544. Is s composite?
True
Let t(m) = m**2 + 6*m + 12. Let p be t(-3). Suppose 3982 = -p*z + 70009. Is z prime?
False
Let n(j) = j**3 - 12*j**2 + 10*j + 12. Let v be n(11). Let k(y) = 274*y**3 - y**2 + 6*y - 5. Is k(v) a prime number?
False
Suppose -1101207 = -3*k + 4*x, 5*k + 21*x - 482988 - 1352357 = 0. Is k composite?
False
Let s(l) = -123053*l. Let u be s(-1). Suppose -u = -10*o + 76397. Is o a prime number?
False
Let h(i) = 855*i - 242. Let o be h(11). Let x = 18764 - o. Is x a composite number?
False
Let c(r) = 2*r - 4. Let k be c(3). Let u be (0/(2/(-2)) - -9757) + k. Let q = 21902 - u. Is q a composite number?
False
Let w = 3400 + 2664. Let h = w + -4241. Is h a prime number?
True
Let w be (-21)/(-6 + -1)*2/2. Suppose 0 = 2*x - 3*o + o + 8, -w*x - 4*o = -16. Suppose x = -4*n - 8977 + 29661. Is n a prime number?
True
Suppose -3*h = -3*o + 24, -4*h - 17 = -o - 0*h. Let k(i) = -i**3 + 5*i**2 - 6*i - 5. Let r be k(o). Is (-790)/r + (-8)/14 a composite number?
True
Suppose 19*l = 164426 - 17841. Is l a composite number?
True
Let p be (-16)/6*(-21)/14. Suppose 2*u + p*y + 4 + 8 = 0, 0 = -5*u + y + 25. Suppose 0*b + 4*d = -3*b + 2741, -2*b + u*d + 1814 = 0. Is b a composite number?
False
Let d(f) = f**3 - 16*f**2 + 26*f + 22. Let p be d(14). Is 18477/p*8/(-6) a composite number?
True
Let k(u) = -13*u**2 - 2*u**3 + 22*u**2 - 6*u + 26*u + 16 + 10*u. Is k(-11) prime?
False
Suppose -3*n = 3*u - 1031169, -2*u = -7*n + 5*n + 687438. Is n prime?
False
Let j(b) = 53*b - 53. Let h(d) = -d**2 + 5*d - 3. Let x be h(2). Suppose x*l = 5*u - 51, -3*u = -8*u - 5*l + 75. Is j(u) a prime number?
False
Let v be (-34)/(-340) + 1 + (-2319)/(-10). Suppose -v*o = -230*o - 22947. Is o a prime number?
True
Suppose 0 = 2*i - 3*z - 4405, 4*i = -3*z + 5*z + 8806. Is i a composite number?
True
Let r(x) = -12*x + 23. Suppose -3*q + 3*c = -114, 2*q + 0*q - 3*c = 72. Let y = q + -52. Is r(y) prime?
False
Let s = -52787 - -143718. Is s a prime number?
True
Suppose -150*i + 12030985 = -37004465. Is i composite?
False
Let t(h) = 20431*h - 176. Is t(3) a prime number?
False
Let o(d) = -16862*d + 3535. Is o(-12) a prime number?
True
Let z(g) be the first derivative of 13*g**2/2 - 9*g + 21. Let p be z(-1). Is ((-255)/(-2) + 11/p)/1 composite?
False
Let r(u) = -45*u - 43. Let i(b) = 3*b**2 - 2*b + 16. Let q be i(0). Suppose -5*d + y - 96 = -q, d = -4*y - 16. Is r(d) a prime number?
True
Let i = 152 + -73. Suppose -2*b + 156 = 4*a, -3*b + 5*a + 188 = -i. Let n = b + -47. Is n prime?
True
Let t = 853324 + -266237. Is t a prime number?
True
Let z(x) = 814*x + 13. Let n be z(3). Suppose -22*c + 27*c - n = 0. Is c a composite number?
False
Is -12 + 10 - (-102828 + (-2)/(-12)*0) a prime number?
False
Suppose 470*y = 260*y + 41327790. Is y composite?
False
Let y = 90 + -92. Is (4819 - y/1) + 8 prime?
False
Let x be (-3*8)/(39/(-26)). Suppose 15*u - x*u + 83 = 0. Is u composite?
False
Let t be 2 + -11 + (-3 + 0 - -3). Let r(c) = c**2 + 12*c + 20. Let o be r(t). Is 11541*(-1)/6*(o + 5) prime?
True
Suppose 83*d - 70*d - 877643 = 0. Is d composite?
False
Let w be (-54)/15*555/(-6). Let t = w - 83. Is t + 2*(2/(-4) + 1) prime?
True
Let b(t) = -326*t**2 + 85*t + 2. Let k be b(9). Let y = k + 36326. Is y a composite number?
False
Let i be -1 + 11 - ((-15)/5 + 3). Is 2509 - (8/i)/((-2)/10) a prime number?
False
Is 212210 + (-4)/(36/(-153)) a prime number?
True
Suppose -6*y = -10*y + 16. Suppose -5*s + 8 + 3 = 2*b, -b = -y*s + 1. Suppose b*m = -3*z + 408, 2*z - 60 - 215 = -m. Is z a composite number?
False
Is 36053913/217 - (-2)/(-3)*(-12)/(-124) prime?
True
Let m(j) = 307*j + 1. Let t be m(5). Let r = -5084 + 5089. Let k = t - r. Is k a composite number?
False
Suppose -4046 = -278*u + 292*u. Suppose 0 = -3*z - z + 2000. Let s = u + z. Is s a composite number?
False
Let q = -139 + 140. Is 1 - -11955 - (1 - 4/q) composite?
False
Let v = 11746 + -7019. Is v a composite number?
True
Suppose 0*i + 129873 = 25*i - 134102. Is i a prime number?
True
Let d be 1*(1*518 - 0). Let t = -6 + 301. Let m = d - t. Is m prime?
True
Let c(m) = 4*m - 393. Let h(n) = 11*n - 1180. Let o(b) = 17*c(b) - 6*h(b). Let t be o(0). Suppose -v + t = 2*z, 5*z - 1519 - 92 = -4*v. Is v composite?
False
Let l(t) = -6*t**3 + 3*t**2 - 19*t + 3. Let u(k) = k**2 - 18*k + 47. Let y be u(14). Is l(y) a composite number?
True
Let v(r) be the third derivative of 55*r**4/12 - 14*r**3/3 - 10*r**2. Let q be v(-8). Let f = q - -1597. Is f a composite number?
True
Let w be -4*10/(-20)*(2 + 0). Is 2210 + (9 - w) + -8 a prime number?
True
Suppose 2*b + 1 + 11 = 0. Let s be 2/b*0 - (1 - 4). Suppose s*u = 3*n + 1206, n - 282 - 130 = -u. Is u composite?
True
Suppose -6*g + 5*z = -2*g - 17783, -13323 = -3*g - z. Let m = -2739 + g. Is m composite?
True
Let c(k) = 2*k + 8. Let r be c(-6). Let f(v) be the second derivative of -3*v**5/10 + v**4/6 + 2*v**3/3 + v**2/2 - 78*v + 1. Is f(r) composite?
False
Suppose -97*h + 100*h = 21, 2*h = 5*k - 3612671. Is k composite?
False
Suppose u = -2*u. Suppose -4*o + u*b + 2050 = -2*b, 4*b - 1040 = -2*o. Let q = o - 207. Is q composite?
False
Let s(c) = -11*c**3 - 4*c**2 - 7*c - 8. Let v be s(-2). Let x = 137 - v. Is x a prime number?
True
Suppose 3*a + 42 = 837. Let r = 552 - a. Is r composite?
True
Suppose 3*q + 9*q = -61920. Let v = q + 9991. Is v composite?
False
Let j(g) = -3*g**3 - 9*g**2 + 116*g + 209. Is j(-21) prime?
True
Is 1*(10 + -2 + 136738 + -7) prime?
True
Let s be (-2)/12 - (-710)/(-60). Let g(l) = 31*l**2 + 3*l - 50. Let x be g(s). Suppose -5*n - x = -z - 2*z, -z + n + 1460 = 0. Is z prime?
False
Suppose 500074 = 4*r + 2*t, 5*r + t + 0*t = 625091. Suppose 4*k = 2*s - r, 2*s - 62503 = 2*k - s. Is -1 - 7/(28/k) composite?
True
Let a be (-5 - (-6 + -5)) + 2. Is ((-4385)/20)/((-2)/a) prime?
True
Let q = 61256 - 36904. Suppose -189881 = -3*d + q. Is d a composite number?
False
Suppose -1248 = 16*l - 10*l. Let f = l + 114. Let h = f + 113. Is h a prime number?
True
Suppose 0*i - 5*i + 5 = 0, -4*f - i = 1739. Let r = f - -1198. Is r a composite number?
True
Suppose -12*q + 14*q + 4*d + 4 = 0, d + 4 = q. Suppose -4*m - 1839 + 6149 = q*k, -9 = 3*m. Is k a prime number?
True
Let h = 5 - 3. Let u(c) = 9*c**h - 14*c**3 + 1 + 24*c**3 + 3*c - 9*c**3. Is u(-6) a prime number?
False
Suppose 0 = -47*d + 12026355 + 3691325 + 6477929. Is d composite?
False
Let x be (-32)/(-10)*(-935)/(-11). Suppose 1199 + x = f. Is f prime?
True
Let v(m) = -3*m**3 + 34*m**2 - 12*m - 264. Is v(-25) prime?
True
Let x(i) = i**2 - 12. Let d be x(6). Let r = d - 31. Is (98 - (5 + r)) + (-4 - -1) a prime number?
True
Let f(j) be the second derivative of -7*j**5/20 - 3*j**4/4 - 11*j**3/6 + 7*j**2/2 - 5*j + 2. Is f(-6) prime?
False
Suppose -8*z + 5*r = -10*z + 47841, 5*r + 119655 = 5*z. Suppose 31879 = 4*i + a, 3*i - 4*a + a = z. Is i composite?
True
Let x(d) = 429*d**2 + 41*d - 389. Is x(11) composite?
False
Suppose 36 = 12*g - 12. Is ((-260414)/(-8))/11 - 1/g composite?
True
Is 46/14 - 4 - (5 + (-30723228)/84) prime?
True
Suppose -17*r - 5*y + 3991203 = -13*r, -3*y = -3*r + 2993436. Is r prime?
True
Let z = 234192 + -114005. Is z a composite number?
True
Let j be 0*((-8)/32 + (-1)/4). Suppose -510 = -10*f - j*f. Is f composite?
True
Let u = 2444 - -3282. Suppose -4*g = 5*r - 1492 - 3081, -3*r = 5*g - u. Is g prime?
False
Let i be -6 + 184/40 - (-6)/(-10). Let a(d) = -2750*d + 19. Is a(i) composite?
False
Suppose 62 = 3*d + 5*m, 61 + 36 = 5*d + 2*m. Let l(r) = 111*r**2 + 29*r - 67. Is l(d) a prime number?
False
Let v(t) = -7110*t - 11. Let b be v(-1). Let x = -1454 + b. Is x prime?
False
Suppose 123*x = 24*x + 11667249. Is x prime?
True
Suppose -334634547 = 346*v - 876713093. Is v prime?
False
Suppose -h = -2*m + 17, -m + 4 = 10*h - 6*h. Let r(q) = 62*q**2 - 35*q + 9. Is r(m) a prime number?
True
Suppose -78 = 62*x - 23*x. Is (-58526)/(-9) - x/18 composite?
True
Let l be ((-4)/(-5))/(1 - (-6)/(-5)). Let u be 2 + (-10 - 5) + (-1 - l). Is (-7 + (-465)/u)*(2 + 0) prime?
True
Let j(m) = 25*m**